 (base 6) in base 3?
-201012201
What is -8980 (base 10) in base 12?
-5244
344105 (base 6) to base 8
71351
What is 213 (base 7) in base 2?
1101100
-515 (base 11) to base 12
-439
What is -1a86 (base 11) in base 3?
-10121121
What is 1110 (base 7) in base 9?
483
What is -2a80 (base 13) in base 15?
-1c78
-41232 (base 5) to base 4
-222010
4021 (base 9) to base 10
2935
Convert -2243 (base 6) to base 8.
-1023
Convert -667 (base 9) to base 14.
-2b1
What is 20202 (base 3) in base 2?
10110110
Convert -12005 (base 6) to base 11.
-1336
What is 5334 (base 13) in base 11?
8737
Convert -38567 (base 9) to base 13.
-ba97
What is -1bb (base 15) in base 7?
-1112
Convert 27d (base 16) to base 11.
52a
20011 (base 3) to base 10
166
-646e (base 15) to base 4
-11030012
30420 (base 5) to base 15
8c5
What is 9228 (base 14) in base 9?
37415
-2fb (base 16) to base 4
-23323
What is -2003 (base 9) in base 16?
-5b5
-17186 (base 11) to base 16
-5e6d
-793a (base 12) to base 11
-a107
211200101 (base 3) to base 6
204314
Convert -111001000110101 (base 2) to base 15.
-89e2
What is 167 (base 15) in base 12?
22a
Convert -3233 (base 6) to base 16.
-2e5
What is 314 (base 10) in base 5?
2224
Convert -148 (base 15) to base 10.
-293
Convert 2101120 (base 3) to base 5.
23433
17140 (base 9) to base 13
5493
Convert -1030324 (base 5) to base 8.
-42265
Convert -12330 (base 4) to base 9.
-543
What is -100100001 (base 2) in base 3?
-101201
18c (base 15) to base 11
2a5
Convert 1143 (base 16) to base 10.
4419
What is -200103 (base 4) in base 11?
-160a
1102021011 (base 3) to base 10
27895
Convert 4464 (base 7) to base 16.
64e
Convert 13121 (base 4) to base 8.
731
Convert 210002020 (base 3) to base 7.
62544
Convert -1111110111100110 (base 2) to base 14.
-1998a
What is -140 (base 9) in base 3?
-11100
Convert -10203002 (base 4) to base 11.
-12aa3
Convert -1406 (base 7) to base 4.
-20201
What is -3794 (base 10) in base 6?
-25322
What is 1114312 (base 5) in base 2?
100110111110101
-4646 (base 8) to base 4
-212212
Convert -10202121 (base 3) to base 14.
-ddd
Convert 4103 (base 9) to base 13.
149a
-10200 (base 5) to base 15
-300
-22030 (base 7) to base 4
-1112011
-131110 (base 6) to base 11
-8a59
What is -476 (base 10) in base 12?
-338
What is -105043 (base 6) in base 11?
-6746
What is -10111000111 (base 2) in base 13?
-89a
Convert -734 (base 10) to base 4.
-23132
137c (base 15) to base 7
15102
Convert 3774 (base 8) to base 3.
2210201
What is 1001000 (base 3) in base 4?
23310
What is 1a2b (base 12) in base 14?
124b
320530 (base 6) to base 7
136101
Convert -5872 (base 12) to base 9.
-14485
What is -111110010100 (base 2) in base 3?
-12110201
-3614 (base 7) to base 16
-536
11101100010 (base 2) to base 8
3542
-331134 (base 5) to base 15
-35b4
Convert 19b9 (base 12) to base 10.
3165
What is -41068 (base 9) in base 4?
-12212123
-100230 (base 4) to base 10
-1068
Convert 6399 (base 10) to base 15.
1d69
3166 (base 12) to base 3
21102020
What is 1798 (base 11) in base 5?
33120
1713 (base 13) to base 12
1b70
What is 1101 (base 3) in base 11?
34
31211 (base 4) to base 7
2351
What is -b (base 15) in base 13?
-b
What is 10426 (base 8) in base 7?
15516
-600 (base 7) to base 5
-2134
What is -1075 (base 9) in base 12?
-565
110 (base 11) to base 9
156
Convert -563 (base 10) to base 16.
-233
What is -101002222 (base 3) in base 7?
-30326
-147a (base 13) to base 16
-b9e
Convert -a77 (base 15) to base 4.
-210322
-2120111002 (base 3) to base 15
-1001e
Convert 110201012 (base 3) to base 9.
13635
-858 (base 10) to base 6
-3550
What is 10012121 (base 3) in base 9?
3177
1430 (base 10) to base 12
9b2
b91c (base 15) to base 6
501213
Convert 355340 (base 6) to base 11.
21340
What is -1021 (base 3) in base 12?
-2a
What is 1022022 (base 3) in base 11?
797
e29 (base 16) to base 14
146d
Convert b54 (base 12) to base 7.
4543
28864 (base 9) to base 5
1112120
320 (base 7) to base 6
425
What is 8d9 (base 14) in base 10?
1759
-131344 (base 6) to base 16
-2ef0
Convert -662 (base 10) to base 16.
-296
What is -212 (base 8) in base 7?
-255
What is 110010010 (base 2) in base 15?
1bc
-d8d (base 16) to base 7
-13054
Convert 1000010101 (base 2) to base 13.
320
420 (base 11) to base 15
23b
Convert -1c75 (base 14) to base 9.
-7116
What is 1001110101001100 (base 2) in base 5?
2242033
-23312 (base 4) to base 7
-2132
453 (base 7) to base 2
11101010
Convert 1d5 (base 14) to base 11.
319
Convert 126 (base 14) to base 7.
446
What is 126 (base 14) in base 4?
3212
Convert 15a (base 12) to base 6.
554
Convert 6523 (base 7) to base 10.
2320
What is 6801 (base 14) in base 7?
103401
-1528 (base 13) to base 9
-4187
-1753 (base 8) to base 3
-1101011
2c9 (base 13) to base 9
618
What is 1231301 (base 4) in base 11?
5307
What is 11212213 (base 4) in base 15?
6c01
What is -18591 (base 14) in base 5?
-3431400
Convert -1221 (base 5) to base 3.
-20220
Convert -160234 (base 8) to base 10.
-57500
Convert -5625 (base 8) to base 14.
-111b
What is 21102022 (base 3) in base 14?
1d84
Convert 1323110 (base 4) to base 3.
101211022
Convert -44046 (base 9) to base 13.
-103a4
2006 (base 8) to base 13
613
Convert -1200322 (base 5) to base 15.
-6792
2102 (base 9) to base 4
120011
Convert 3541 (base 6) to base 15.
3bd
What is 12301 (base 4) in base 10?
433
Convert -5d2 (base 16) to base 5.
-21430
Convert -b2c8 (base 16) to base 15.
-d863
-5368 (base 13) to base 9
-16784
25ac (base 15) to base 6
101113
Convert 1100000010 (base 2) to base 6.
3322
60a (base 16) to base 2
11000001010
What is 33155 (base 8) in base 2?
11011001101101
-2117 (base 8) to base 15
-4d8
-101010110011 (base 2) to base 10
-2739
2356 (base 7) to base 9
1171
206 (base 12) to base 15
149
Convert -5eb (base 16) to base 4.
-113223
What is 4155 (base 8) in base 16?
86d
What is 1e8 (base 15) in base 5?
3233
8555 (base 10) to base 8
20553
4322 (base 8) to base 11
1773
What is -786 (base 15) in base 9?
-2300
200120 (base 3) to base 12
359
What is 4504 (base 6) in base 2?
10000011000
4553 (base 6) to base 7
3066
What is -5311 (base 12) in base 7?
-35326
Convert 958 (base 10) to base 4.
32332
What is -17d (base 14) in base 7?
-616
Convert -5598 (base 11) to base 16.
-1cc7
Convert -11111011000 (base 2) to base 6.
-13144
What is 1263 (base 10) in base 7?
3453
Convert 1326 (base 11) to base 6.
11550
-111000011 (base 2) to base 3
-121201
What is 4a69 (base 13) in base 8?
24505
33215 (base 6) to base 14
197d
Convert 1324 (base 5) to base 14.
114
What is 10100001001 (base 2) in base 12?
8b5
-12bc (base 13) to base 12
-1682
Convert -223404 (base 5) to base 14.
-2c9d
Convert -1112 (base 3) to base 2.
-101001
2403 (base 8) to base 9
1675
What is 1c2 (base 16) in base 7?
1212
Convert 1013 (base 10) to base 8.
1765
Convert -120240 (base 5) to base 6.
-32325
Convert 96a (base 13) to base 11.
1233
1102421 (base 6) to base 3
2210110211
What is 360 (base 16) in base 4?
31200
What is -27612 (base 9) in base 7?
-105404
Convert -11001011110 (base 2) to base 8.
-3136
Convert 1e86 (base 15) to base 10.
6651
-116353 (base 8) to base 5
-2241141
What is 2196 (base 14) in base 5?
141231
474 (base 8) to base 4
10330
What is -54838 (base 9) in base 8?
-107064
What is 112 (base 12) in base 4?
2132
ea (base 16) to base 5
1414
-91 (base 10) to base 2
-1011011
What is 100011001101 (base 2) in base 16?
8cd
Convert 4342 (base 6) to base 16.
3e6
What is 220 (base 16) in base 9?
664
What is -5eb1 (base 16) in base 3?
-1020020211
Convert -25201 (base 7) to base 12.
-39b4
What is -ad7 (base 16) in base 2?
-101011010111
-9406 (base 13) to base 2
-100111111100111
Convert 1b579 (base 12) to base 5.
2244212
What is 10000110 (base 2) in base 9?
158
Convert -1010110001 (base 2) to base 4.
-22301
-1001111100100 (base 2) to base 5
-130332
What is -1110110110 (base 2) in base 3?
-1022012
62 (base 7) to base 16
2c
What is -22031 (base 4) in base 9?
-805
What is -1a5 (base 13) in base 5?
-2204
-302351 (base 6) to base 9
-35704
Convert -468 (base 12) to base 15.
-2db
What is -1513 (base 7) in base 12?
-41a
Convert -2a4 (base 14) to base 9.
-655
What is 2070 (base 13) in base 14?
18c5
23c0 (base 15) to base 8
16665
-212220221 (base 3) to base 4
-10100200
-aa54 (base 15) to base 6
-435011
-7d6a (base 14) to base 3
-1002222021
11549 (base 12) to base 5
1220431
What is -342 (